**3 - 7*q**2 + 2*q - 10. Let r be v(g). Suppose a - 3 = -2, -3*d + 5*a + r = 0. Is d prime?
True
Suppose -6*g + g + y + 1534 = 0, 4*y = 4*g - 1224. Let i be 1107/246 - (2/4)/(-1). Is g/4 + i/20 prime?
False
Let f(h) = 98*h**2 - h - 13. Let z be f(9). Suppose -2*k = -5*i + k + z, 2*i - 3176 = -2*k. Is i a composite number?
True
Suppose -3*h + q = -10, 4*q + 12 = -2*h - 0*h. Is (2 - 2 - h)/((-2)/1973) a composite number?
False
Suppose 29693 + 10677 = 10*d. Is d a composite number?
True
Let m(a) = -a**3 + a**2 - 5*a - 5. Let j be (2/(-2))/(2/10). Let n be m(j). Suppose 2*w - 170 = -h + 2*h, 2*w - n = -3*h. Is w prime?
False
Let v be (-890)/(-5) + -1 + 0. Suppose -v = -k + 88. Is k a composite number?
True
Let u = -34170 + 48663. Is u a composite number?
True
Let w(m) = -2241*m + 6. Let u be w(1). Let x = 3148 + u. Is x prime?
False
Let f be (9 - 9) + (-609)/(-1). Suppose -n = 6*a - 4*a - 195, -3*n + 2*a + f = 0. Is n a composite number?
True
Suppose 58*y - 2*v = 54*y + 176060, -4*y + 176060 = -4*v. Is y prime?
False
Let i(j) = 58*j - 11. Suppose 0 = -7*v + 2*v + 30. Is i(v) prime?
True
Let k(l) = 81*l**2 - 31*l + 33. Is k(18) prime?
False
Let g = -7091 - -11131. Suppose 0 = 6*x - g + 878. Is x a composite number?
True
Let v(j) = 1408*j + 709. Is v(15) composite?
True
Let h(t) = -16*t - 15. Let s be h(-11). Let y = s - -1920. Is y prime?
True
Let o(y) = 4*y**3 - 5*y**2 + 3*y - 9. Is o(14) a prime number?
False
Suppose -9*x - 32 = -x. Let d be (x - -3)*4*-218. Suppose 7*a - 3*a - d = 0. Is a prime?
False
Let d be (-2 + (-256)/(-3))*(-6)/5. Let g = -12 + -5. Let h = g - d. Is h prime?
True
Let w be (-4 - -1)*(-1)/1. Suppose -4*m + 349 = w*t, 2*t - t + 5*m - 120 = 0. Is t a prime number?
False
Suppose -51689 = -35*s + 24*s. Is s composite?
True
Let o be 7 + 584/(-120) + (-4)/30. Suppose -2*y + 27525 = o*y + l, 27520 = 4*y - 4*l. Is y prime?
False
Let j be 9/(-6) + (-7)/2. Let m be 3612/15 - 1/j. Suppose 2*a - m = 45. Is a a prime number?
False
Suppose 82 + 8 = -10*i. Let z(f) = -19*f + 4*f + 19 + 3*f. Is z(i) prime?
True
Is 9/3 - (-8 - (36 - 4)) composite?
False
Suppose 4*u = 2*u + 12. Suppose -2*o + u*t - 3*t - 11 = 0, 0 = 5*o - 5*t + 15. Suppose l - o*f - 167 = 0, 5*f - 616 = -4*l - 0*f. Is l prime?
False
Suppose -3135 - 206 = -13*c. Let s = c + -78. Is s composite?
False
Let v = -6980 - -9939. Is v a composite number?
True
Let l be (11 + -10)/(-1 + 2). Is l - 1*(-30)/3 a composite number?
False
Suppose -515 = -7*c + 465. Let v = c + 111. Is v prime?
True
Suppose -20 = -w - 3*w. Suppose i - w = -5*t, 4*t - 4 = -i - 0. Let s(l) = 29*l + 2. Is s(t) composite?
False
Let x = 5317 - 944. Is x a composite number?
False
Is 3*4/(-42)*(-4 + -9523) a prime number?
False
Suppose -3 = -4*y + 9. Suppose -y*n + 268 = -n. Is n composite?
True
Is (-60)/(-55)*22/4 - -49748 a prime number?
False
Is (-4828)/(-4) + (9 - 3) a composite number?
False
Let b(f) = -f**3 + 7*f**2 + 11*f - 8. Let u be b(6). Suppose -5*g = -u - 12261. Is g prime?
False
Suppose 49 = -o + 6*o + 2*h, 0 = 5*h - 10. Let x = o + -19. Let f = 63 + x. Is f prime?
True
Suppose -3*z - 22*f + 24*f = -7309, 2*f - 9750 = -4*z. Is z prime?
True
Suppose -2*m = -3*f + 20 + 13, -2*m + 4*f = 32. Is 1257/m*-1*6 a composite number?
False
Let r be (-15245)/(-55) - 4/22. Suppose -4*v = -2689 + r. Suppose 0 = 3*a - 0 - v. Is a prime?
False
Let l(z) = -z**3 + 6. Let i be l(0). Let v(p) = -p + 1. Let j(u) = -5*u + 11. Let b(t) = j(t) - 6*v(t). Is b(i) a prime number?
True
Suppose 0 = 3*a - 7*a + 3*h, 0 = -2*a - h. Is 2 - (-887 + a/5) composite?
True
Is ((-919)/(-2))/((-1)/(-2)) composite?
False
Suppose -34849 = -4*f - 328*c + 333*c, 4*f + 4*c = 34840. Is f prime?
False
Is -4 - -154*((-18270)/(-12) - 4) a prime number?
False
Let r = 440 - -380. Suppose 42*p = 46*p - r. Is p a composite number?
True
Let h(q) = -q**3 + 5*q**2 + 8*q - 2. Let v be h(6). Suppose -a = c - v, 0 = -0*a - 4*a - 5*c + 45. Let f(x) = 14*x - 5. Is f(a) a composite number?
True
Suppose -15 = 5*l, -3*w - 5*l + 4*l + 2460 = 0. Is w a composite number?
False
Let u = 29 + 14. Suppose -6 = f + u. Is (-16499)/f - 2/(-7) a composite number?
False
Let i(u) be the first derivative of u**4/4 + 2*u**3/3 + 142*u - 1. Let o be 9/(1134/(-12)) - (-12)/126. Is i(o) a prime number?
False
Let o(u) = 2017*u + 118. Is o(13) a composite number?
False
Suppose j - 10 = -19. Suppose 3*c = -q + 23, 3*c = -3*q - q + 92. Let m = q + j. Is m a composite number?
True
Is ((-15)/(-12) - 1) + 1062902/8 a prime number?
True
Is (26 - 27)*(-9106 - 1) composite?
True
Let p be -260*(-1 - (2 + -2)). Let j = -429 + p. Let m = 9 - j. Is m a prime number?
False
Let i(p) = -57*p + 1. Let f(z) = -z**2 - 2*z - 1. Let a be f(-1). Suppose a = 3*j + 28 + 2. Is i(j) prime?
True
Let m be (-7 + 10 + 6/(-2))*-1. Suppose -102 = 5*s + 2*u - 297, 3*s - u - 106 = m. Is s a prime number?
True
Let d(p) = p**3 + 6*p**2 - p - 7. Let w be d(-6). Let h = w - -1. Suppose h = 4*z + 2*v - 0*v - 124, -v = 5*z - 155. Is z a prime number?
True
Let c be (-6 + -1)/(-16 + 15). Suppose 11*d - 1772 = c*d. Is d prime?
True
Is (-6598)/3*33/(-22) composite?
False
Suppose -3*n + 670 = -1958. Suppose m - 5*f - n = 0, -f + 826 = m + 4*f. Is m composite?
True
Let r = -18 + 22. Suppose -r*s = -4*n + 32, 0*n - 20 = -2*n + 3*s. Suppose 5*w + 5*x - 85 = 0, 0*w + n*w - 32 = 5*x. Is w composite?
False
Let h = -1847 - -3340. Let d = -432 + h. Is d prime?
True
Suppose -3*w + 4 - 7 = 0. Let x(c) = -6*c**2 + 13*c - 2. Let p(m) = -m**2 + m. Let i(v) = w*x(v) + 3*p(v). Is i(7) a composite number?
False
Let c(a) = 7*a - 1. Let q be c(1). Suppose -d = 2*l - 13, -d = -2*l + q*l - 5. Suppose -4*m + 5*m + 4*k = d, k - 33 = -m. Is m composite?
False
Let w(o) be the first derivative of -13*o**2/2 - 6*o + 11. Is w(-3) a composite number?
True
Suppose -5*n - 5 = 0, 5*z - 278368 = z - 4*n. Is z composite?
False
Let o(y) = 4846*y + 15. Is o(1) prime?
True
Let r(p) = 221*p**3 - 3*p**2 + p + 1. Let w be r(2). Let v = w - 972. Is v a composite number?
False
Suppose -2*o = 4*y - 7*o - 50, -3*y + o = -43. Suppose -2*s = 3*s - y, 0 = -j + 4*s + 1137. Is j prime?
False
Suppose r - 47410 = -9*r. Is r a prime number?
False
Let n(t) = 6*t + 21. Let m be n(6). Let h = 242 - m. Is h a composite number?
True
Let f = -904 + 2261. Is f composite?
True
Let n(k) = 265*k**2 + 63*k + 289. Is n(-5) a composite number?
False
Let w(t) = 3*t**2 + 7*t**3 + 7*t**3 - 42*t + 1 + 18*t + 22*t. Is w(2) composite?
True
Suppose 9*x = x - 56. Let y(f) be the third derivative of f**6/120 + 11*f**5/60 - 3*f**3/2 + 2*f**2. Is y(x) composite?
True
Let v(w) = -w**3 - 3*w**2 - 4*w - 2. Let b be v(-3). Suppose t - 1 = -5*x, 0 = 4*x - 5*t + 3*t + 2. Suppose b*k - 5*k - 110 = x. Is k composite?
True
Let l(z) = z**3 + 18*z**2 - z - 15. Let v be l(-18). Suppose 170 = m + 5*c, v*m - 540 = -0*m - 5*c. Is m prime?
False
Suppose 4*m = -0*m + 16. Suppose -5 = g - m*b, 5*g + 2*b + b - 44 = 0. Let k = g + 3. Is k prime?
False
Let p(o) = -3*o**3 + 9*o**2 + 3*o + 2. Is p(-5) a prime number?
True
Let y(f) = 8 - 5 - 2 + 84*f. Is y(3) a composite number?
True
Suppose 0 = 5*k - z - 2218, -z + 2206 = 5*k + 2*z. Is k composite?
False
Suppose -3*x + 2 + 4 = -4*a, 3*a = -9. Is (x/4*-2)/(2/2098) a prime number?
True
Let o(a) be the first derivative of 11*a**4/4 - a**3 - a**2/2 + 3*a - 38. Let p = 8 + -6. Is o(p) prime?
False
Suppose -c = 3*v + 3, 3*v - 6 = -2*v + 2*c. Suppose 3*u + u + 3*o - 6929 = v, -5*u + 8670 = -5*o. Is u a composite number?
False
Let j(u) = 10384*u + 401. Is j(8) a composite number?
True
Let l be ((-21)/(-2))/(30/20). Suppose 8144 - 157 = l*o. Is o a composite number?
True
Let n(t) be the first derivative of 5*t**4/2 - t**3/3 + 3*t**2/2 + 6*t - 1. Let z(s) be the first derivative of n(s). Is z(2) a composite number?
True
Let r(c) = 6*c**2 + 5*c - 57. Is r(-10) prime?
False
Let a = 76 - -234. Suppose 0 = -5*t + 705 + a. Is t a composite number?
True
Let l(h) = 9*h + 4*h + 2*h**2 + 0*h + 0*h**2 + 11. Let i = -13 - -5. Is l(i) composite?
True
Let f = 46 + -28. Suppose f = w - 0*k - 4*k, 5*w - 2*k = 18. Suppose -w*v = 5*d - 26, -4*d + 41 + 12 = 3*v. Is v composite?
False
Suppose 4*s = -42 + 74. Let j(r) = r**3 - 3*r**2 - 7*r - 11. Is j(s) composite?
True
Is 5/(-30) - 56331/(-54) a comp